d 35?
7
Calculate the highest common divisor of 120 and 41499625.
5
Calculate the highest common divisor of 7272 and 1816632.
72
Calculate the highest common factor of 125777451 and 215.
43
Calculate the highest common divisor of 165115 and 70.
5
What is the greatest common factor of 1378551 and 11661?
69
Calculate the greatest common divisor of 91206514 and 42.
14
Calculate the greatest common factor of 4260 and 89380.
20
Calculate the greatest common factor of 154528 and 2361381.
4829
What is the greatest common factor of 4318 and 37569082?
34
What is the highest common divisor of 7 and 81129482?
7
Calculate the highest common factor of 129880 and 940950.
170
Calculate the greatest common divisor of 145 and 53614707.
29
Calculate the highest common divisor of 14 and 17133767.
7
Calculate the greatest common divisor of 879927 and 8282061.
6717
What is the greatest common factor of 754 and 16256617?
377
Calculate the greatest common factor of 87131029 and 86.
43
Calculate the highest common divisor of 1106 and 790678.
14
What is the highest common divisor of 2242 and 962998?
118
Calculate the greatest common divisor of 3456 and 58718144.
64
Calculate the greatest common divisor of 47932 and 1562804.
92
Calculate the highest common divisor of 2816 and 192955136.
2816
What is the greatest common divisor of 115772085 and 825?
165
Calculate the highest common factor of 203336100 and 188.
188
What is the highest common factor of 37 and 419401?
1
What is the highest common factor of 161585 and 306061?
1901
Calculate the greatest common divisor of 32 and 35308024.
8
What is the greatest common divisor of 979128634 and 418?
418
Calculate the greatest common divisor of 171453 and 1273.
67
What is the greatest common divisor of 15925294 and 16456?
4114
What is the greatest common factor of 2201 and 489242?
31
What is the greatest common divisor of 73543680 and 512?
512
What is the highest common divisor of 1314 and 1494894?
438
Calculate the greatest common factor of 115 and 9218860.
115
What is the greatest common factor of 1054455 and 45?
15
What is the highest common divisor of 772134 and 462?
66
Calculate the greatest common factor of 163600908 and 1884.
1884
What is the highest common divisor of 60 and 5899110?
30
Calculate the greatest common factor of 6293354 and 12169.
283
What is the highest common divisor of 23796654 and 525?
21
What is the greatest common divisor of 28 and 68358556?
28
What is the highest common factor of 553288 and 302058?
194
What is the highest common factor of 28757897 and 7?
7
Calculate the highest common divisor of 40000601 and 3.
1
What is the highest common divisor of 886 and 92923680?
886
What is the highest common factor of 59 and 23417749?
59
Calculate the greatest common factor of 111392 and 8024.
472
What is the greatest common divisor of 10291568 and 2744?
392
Calculate the greatest common factor of 24 and 40827762.
6
Calculate the highest common factor of 252 and 7616196.
252
Calculate the highest common factor of 22 and 5297702.
2
Calculate the highest common divisor of 660 and 5799508.
44
Calculate the greatest common factor of 3838 and 69941793.
1919
Calculate the highest common factor of 1240 and 200061600.
1240
What is the highest common divisor of 105 and 25473315?
105
What is the highest common divisor of 29042988 and 52?
52
What is the greatest common factor of 43571 and 52705066?
3961
What is the greatest common factor of 336 and 58963926?
42
Calculate the highest common factor of 1897363 and 858.
13
What is the greatest common divisor of 76397737 and 39?
13
Calculate the greatest common divisor of 21 and 585270.
21
What is the greatest common factor of 353 and 1126?
1
Calculate the greatest common divisor of 198 and 1013850288.
198
Calculate the greatest common divisor of 2228592 and 696.
696
Calculate the greatest common divisor of 12677009 and 3.
1
Calculate the highest common divisor of 2995161 and 145119.
2379
Calculate the greatest common factor of 26544 and 10752.
336
What is the highest common factor of 2385 and 457063785?
2385
What is the highest common factor of 2862 and 940248?
54
Calculate the highest common divisor of 627696340 and 2555.
365
What is the greatest common divisor of 1397 and 320616453?
127
What is the highest common divisor of 57266 and 17364613?
2603
What is the greatest common divisor of 40784 and 6064?
16
Calculate the greatest common divisor of 84752730 and 360.
90
Calculate the greatest common divisor of 22869 and 10479447.
1089
Calculate the highest common divisor of 312 and 280107256.
104
What is the greatest common divisor of 45964562 and 14?
14
Calculate the greatest common factor of 421010 and 480.
10
What is the greatest common divisor of 80 and 34215664?
16
Calculate the greatest common divisor of 6766902 and 1296.
162
Calculate the highest common divisor of 35049411 and 2529.
2529
Calculate the greatest common factor of 476 and 15783684.
476
What is the greatest common factor of 14175 and 15322230?
945
Calculate the greatest common divisor of 84504 and 1474293.
1509
Calculate the highest common factor of 2058 and 374682.
42
What is the highest common factor of 99116 and 3452308?
1396
Calculate the highest common divisor of 98777548 and 17.
17
Calculate the greatest common factor of 131220 and 32580.
180
What is the greatest common divisor of 231 and 3411287?
11
Calculate the highest common factor of 447 and 10705054.
149
What is the greatest common divisor of 5 and 31260200?
5
Calculate the highest common factor of 730 and 24157598.
146
What is the greatest common factor of 15207 and 2232141?
411
What is the highest common factor of 48946310 and 9003?
3001
Calculate the highest common factor of 1860150 and 18300.
150
What is the highest common factor of 142437699 and 171?
171
What is the greatest common divisor of 34691581 and 2525?
101
What is the highest common factor of 14 and 1135425326?
14
What is the highest common divisor of 22984 and 5555498?
442
What is the highest common factor of 13 and 274313455?
13
What is the greatest common divisor of 38787 and 13276236?
5541
What is the greatest common factor of 6899148 and 571500?
4572
Calculate the highest common factor of 136 and 28229144.
8
What is the greatest common factor of 40548 and 185604?
12
Calculate the highest common divisor of 32583677 and 49.
49
What is the highest common divisor of 797718 and 9654?
6
What is the highest common factor of 13271002 and 1698?
566
What is the greatest common factor of 266 and 13648600?
14
Calculate the greatest common factor of 50008 and 51701128.
7144
What is the highest common factor of 82644 and 336?
12
Calculate the greatest common factor of 11165198 and 22781.
209
Calculate the highest common factor of 1436 and 43709327.
359
What is the highest common factor of 260239 and 9165940?
2303
What is the greatest common divisor of 1307220838 and 226?
226
What is the greatest common factor of 6847 and 1515191?
167
What is the greatest common factor of 41607 and 32983497?
1809
What is the highest common factor of 44583 and 144375?
231
Calculate the highest common divisor of 41868 and 113616.
36
What is the highest common divisor of 553432 and 222101?
3641
What is the highest common factor of 15995035 and 14?
7
What is the greatest common factor of 107010 and 61500?
1230
Calculate the greatest common factor of 3819 and 180039117.
3819
What is the highest common divisor of 4855624 and 75576?
536
Calculate the greatest common divisor of 519859 and 2603.
19
What is the highest common factor of 5011325 and 2750?
275
What is the highest common factor of 2148780 and 9912?
708
Calculate the greatest common factor of 21 and 1045387077.
21
What is the greatest common factor of 22 and 2255908138?
22
What is the greatest common factor of 8832 and 85992?
24
What is the highest common divisor of 82 and 566233042?
82
What is the greatest common divisor of 15995090 and 2230?
10
What is the greatest common factor of 64629 and 450900?
1503
What is the highest common factor of 495619736 and 296?
296
What is the greatest common factor of 68744 and 1588808?
104
Calculate the highest common divisor of 3643186 and 135598.
898
What is the highest common factor of 728 and 822328?
104
What is 